{"id":6,"date":"2024-08-31T18:43:21","date_gmt":"2024-08-31T18:43:21","guid":{"rendered":"https:\/\/gedizmakine.erdincdonmez.com\/?page_id=6"},"modified":"2024-08-31T18:43:21","modified_gmt":"2024-08-31T18:43:21","slug":"magaza","status":"publish","type":"page","link":"https:\/\/gedizmakine.erdincdonmez.com\/?page_id=6","title":{"rendered":"Ma\u011faza"},"content":{"rendered":"","protected":false},"excerpt":{"rendered":"","protected":false},"author":1,"featured_media":0,"parent":0,"menu_order":0,"comment_status":"closed","ping_status":"closed","template":"","meta":{"footnotes":""},"class_list":["post-6","page","type-page","status-publish","hentry"],"yoast_head":"<!-- This site is optimized with the Yoast SEO plugin v23.3 - https:\/\/yoast.com\/wordpress\/plugins\/seo\/ -->\r\n<title>Ma\u011faza - \u0130\u015f makinesi yedek par\u00e7a<\/title>\r\n<meta name=\"robots\" content=\"index, follow, max-snippet:-1, max-image-preview:large, max-video-preview:-1\" \/>\r\n<link rel=\"canonical\" href=\"https:\/\/gedizmakine.erdincdonmez.com\/?page_id=6\" \/>\r\n<meta property=\"og:locale\" content=\"tr_TR\" \/>\r\n<meta property=\"og:type\" content=\"article\" \/>\r\n<meta property=\"og:title\" content=\"Ma\u011faza - \u0130\u015f makinesi yedek par\u00e7a\" \/>\r\n<meta property=\"og:url\" content=\"https:\/\/gedizmakine.erdincdonmez.com\/?page_id=6\" \/>\r\n<meta property=\"og:site_name\" content=\"\u0130\u015f makinesi yedek par\u00e7a\" \/>\r\n<meta name=\"twitter:card\" content=\"summary_large_image\" \/>\r\n<script type=\"application\/ld+json\" class=\"yoast-schema-graph\">{\"@context\":\"https:\/\/schema.org\",\"@graph\":[{\"@type\":\"WebPage\",\"@id\":\"https:\/\/gedizmakine.erdincdonmez.com\/?page_id=6\",\"url\":\"https:\/\/gedizmakine.erdincdonmez.com\/?page_id=6\",\"name\":\"Ma\u011faza - \u0130\u015f makinesi yedek par\u00e7a\",\"isPartOf\":{\"@id\":\"https:\/\/gedizmakine.erdincdonmez.com\/#website\"},\"datePublished\":\"2024-08-31T18:43:21+00:00\",\"dateModified\":\"2024-08-31T18:43:21+00:00\",\"breadcrumb\":{\"@id\":\"https:\/\/gedizmakine.erdincdonmez.com\/?page_id=6#breadcrumb\"},\"inLanguage\":\"tr\",\"potentialAction\":[{\"@type\":\"ReadAction\",\"target\":[\"https:\/\/gedizmakine.erdincdonmez.com\/?page_id=6\"]}]},{\"@type\":\"BreadcrumbList\",\"@id\":\"https:\/\/gedizmakine.erdincdonmez.com\/?page_id=6#breadcrumb\",\"itemListElement\":[{\"@type\":\"ListItem\",\"position\":1,\"name\":\"Anasayfa\",\"item\":\"https:\/\/gedizmakine.erdincdonmez.com\/\"},{\"@type\":\"ListItem\",\"position\":2,\"name\":\"Ma\u011faza\"}]},{\"@type\":\"WebSite\",\"@id\":\"https:\/\/gedizmakine.erdincdonmez.com\/#website\",\"url\":\"https:\/\/gedizmakine.erdincdonmez.com\/\",\"name\":\"\u0130\u015f makinesi yedek par\u00e7a\",\"description\":\"Yedek par\u00e7a ve servis hizmetiyle sizinleyiz.\",\"publisher\":{\"@id\":\"https:\/\/gedizmakine.erdincdonmez.com\/#organization\"},\"potentialAction\":[{\"@type\":\"SearchAction\",\"target\":{\"@type\":\"EntryPoint\",\"urlTemplate\":\"https:\/\/gedizmakine.erdincdonmez.com\/?s={search_term_string}\"},\"query-input\":\"required name=search_term_string\"}],\"inLanguage\":\"tr\"},{\"@type\":\"Organization\",\"@id\":\"https:\/\/gedizmakine.erdincdonmez.com\/#organization\",\"name\":\"\u0130\u015f makinesi yedek par\u00e7a\",\"url\":\"https:\/\/gedizmakine.erdincdonmez.com\/\",\"logo\":{\"@type\":\"ImageObject\",\"inLanguage\":\"tr\",\"@id\":\"https:\/\/gedizmakine.erdincdonmez.com\/#\/schema\/logo\/image\/\",\"url\":\"https:\/\/gedizmakine.erdincdonmez.com\/wp-content\/uploads\/2024\/08\/gediz-is-makineleri-logo2.png\",\"contentUrl\":\"https:\/\/gedizmakine.erdincdonmez.com\/wp-content\/uploads\/2024\/08\/gediz-is-makineleri-logo2.png\",\"width\":600,\"height\":300,\"caption\":\"\u0130\u015f makinesi yedek par\u00e7a\"},\"image\":{\"@id\":\"https:\/\/gedizmakine.erdincdonmez.com\/#\/schema\/logo\/image\/\"}}]}<\/script>\r\n<!-- \/ Yoast SEO plugin. -->","yoast_head_json":{"title":"Ma\u011faza - \u0130\u015f makinesi yedek par\u00e7a","robots":{"index":"index","follow":"follow","max-snippet":"max-snippet:-1","max-image-preview":"max-image-preview:large","max-video-preview":"max-video-preview:-1"},"canonical":"https:\/\/gedizmakine.erdincdonmez.com\/?page_id=6","og_locale":"tr_TR","og_type":"article","og_title":"Ma\u011faza - \u0130\u015f makinesi yedek par\u00e7a","og_url":"https:\/\/gedizmakine.erdincdonmez.com\/?page_id=6","og_site_name":"\u0130\u015f makinesi yedek par\u00e7a","twitter_card":"summary_large_image","schema":{"@context":"https:\/\/schema.org","@graph":[{"@type":"WebPage","@id":"https:\/\/gedizmakine.erdincdonmez.com\/?page_id=6","url":"https:\/\/gedizmakine.erdincdonmez.com\/?page_id=6","name":"Ma\u011faza - \u0130\u015f makinesi yedek par\u00e7a","isPartOf":{"@id":"https:\/\/gedizmakine.erdincdonmez.com\/#website"},"datePublished":"2024-08-31T18:43:21+00:00","dateModified":"2024-08-31T18:43:21+00:00","breadcrumb":{"@id":"https:\/\/gedizmakine.erdincdonmez.com\/?page_id=6#breadcrumb"},"inLanguage":"tr","potentialAction":[{"@type":"ReadAction","target":["https:\/\/gedizmakine.erdincdonmez.com\/?page_id=6"]}]},{"@type":"BreadcrumbList","@id":"https:\/\/gedizmakine.erdincdonmez.com\/?page_id=6#breadcrumb","itemListElement":[{"@type":"ListItem","position":1,"name":"Anasayfa","item":"https:\/\/gedizmakine.erdincdonmez.com\/"},{"@type":"ListItem","position":2,"name":"Ma\u011faza"}]},{"@type":"WebSite","@id":"https:\/\/gedizmakine.erdincdonmez.com\/#website","url":"https:\/\/gedizmakine.erdincdonmez.com\/","name":"\u0130\u015f makinesi yedek par\u00e7a","description":"Yedek par\u00e7a ve servis hizmetiyle sizinleyiz.","publisher":{"@id":"https:\/\/gedizmakine.erdincdonmez.com\/#organization"},"potentialAction":[{"@type":"SearchAction","target":{"@type":"EntryPoint","urlTemplate":"https:\/\/gedizmakine.erdincdonmez.com\/?s={search_term_string}"},"query-input":"required name=search_term_string"}],"inLanguage":"tr"},{"@type":"Organization","@id":"https:\/\/gedizmakine.erdincdonmez.com\/#organization","name":"\u0130\u015f makinesi yedek par\u00e7a","url":"https:\/\/gedizmakine.erdincdonmez.com\/","logo":{"@type":"ImageObject","inLanguage":"tr","@id":"https:\/\/gedizmakine.erdincdonmez.com\/#\/schema\/logo\/image\/","url":"https:\/\/gedizmakine.erdincdonmez.com\/wp-content\/uploads\/2024\/08\/gediz-is-makineleri-logo2.png","contentUrl":"https:\/\/gedizmakine.erdincdonmez.com\/wp-content\/uploads\/2024\/08\/gediz-is-makineleri-logo2.png","width":600,"height":300,"caption":"\u0130\u015f makinesi yedek par\u00e7a"},"image":{"@id":"https:\/\/gedizmakine.erdincdonmez.com\/#\/schema\/logo\/image\/"}}]}},"_links":{"self":[{"href":"https:\/\/gedizmakine.erdincdonmez.com\/index.php?rest_route=\/wp\/v2\/pages\/6","targetHints":{"allow":["GET"]}}],"collection":[{"href":"https:\/\/gedizmakine.erdincdonmez.com\/index.php?rest_route=\/wp\/v2\/pages"}],"about":[{"href":"https:\/\/gedizmakine.erdincdonmez.com\/index.php?rest_route=\/wp\/v2\/types\/page"}],"author":[{"embeddable":true,"href":"https:\/\/gedizmakine.erdincdonmez.com\/index.php?rest_route=\/wp\/v2\/users\/1"}],"replies":[{"embeddable":true,"href":"https:\/\/gedizmakine.erdincdonmez.com\/index.php?rest_route=%2Fwp%2Fv2%2Fcomments&post=6"}],"version-history":[{"count":0,"href":"https:\/\/gedizmakine.erdincdonmez.com\/index.php?rest_route=\/wp\/v2\/pages\/6\/revisions"}],"wp:attachment":[{"href":"https:\/\/gedizmakine.erdincdonmez.com\/index.php?rest_route=%2Fwp%2Fv2%2Fmedia&parent=6"}],"curies":[{"name":"wp","href":"https:\/\/api.w.org\/{rel}","templated":true}]}}